{"id":65,"date":"2020-10-06T18:58:58","date_gmt":"2020-10-06T16:58:58","guid":{"rendered":"https:\/\/ib-behrendt.de\/?page_id=65"},"modified":"2020-10-14T16:54:13","modified_gmt":"2020-10-14T14:54:13","slug":"65-2","status":"publish","type":"page","link":"https:\/\/ib-behrendt.de\/","title":{"rendered":"Homepage"},"content":{"rendered":"<div class=\"skt-builder-block-wrapper skt-builder-home-section5-block skt-builder-home-section5-block-189\" style=\"background-color: #ffffff; background-image: url(); padding-bottom: 0px; padding-top: 90px; \">\r\n\t<div class=\"skt-builder-block-inner skt-builder-block-inner-189\" style=\"visibility: hidden;\">\r\n\t\t<div class=\"skt-builder-container\">\r\n        \t<style>\r\n            \t.skt-builder-home-section5-block-189 .skt-builder-block-button{color: ;}\r\n\t\t\t\t.skt-builder-home-section5-block-189 .skt-builder-block-button:hover{color: ;}\r\n            <\/style>\r\n\t\t\t<div class=\"skt-builder-columns-row skt-builder-columns-row-2column\">\r\n\t\t\t\t\t<div class=\"skt-builder-column\">\r\n\t\t\t\t\t\t\t<div class=\"skt-builder-column-inner\"><img decoding=\"async\" class=\"skt-builder-home-section5-block-img\" style=\"margin-top: 0px;\" src=\"https:\/\/ib-behrendt.de\/wp-content\/themes\/engineering-pro\/blocks\/home_section5\/assets\/img\/about-company.jpg\"><\/div>\r\n\t\t\t\t\t<\/div>\r\n\t\t\t\t\t<div class=\"skt-builder-column\">\r\n\t\t\t\t\t\t\t<div class=\"skt-builder-block-title\" style=\"text-align: ;\">\r\n                                <h3 style=\"color: #343434; font-size: 46px; margin-bottom: 40px; text-align: ;\">Unsere Dienstleistungen<\/h3>\r\n                                \r\n                            <\/div>\r\n\t\t\t\t\t\t\t<div class=\"skt-builder-column-inner\">\r\n                            \t<p><br><\/p>\r\n                            <\/div>\r\n                        <div class=\"skt-builder-columns-row\">\r\n                                <div class=\"skt-builder-column skt-builder-about-column skt-builder-about-column198\">\r\n                                <style>\r\n                                \t.skt-builder-about-column198 .skt-builder-about-column-content h3 a{color: #222222;}\r\n\t\t\t\t\t\t\t\t\t.skt-builder-about-column198 .skt-builder-about-column-content h3 a:hover{color: #f5b81e;}\r\n                                <\/style>\r\n                                        <div class=\"skt-builder-column-inner\" style=\"text-align: left;\">\r\n                                            <a href=\"#\" >\r\n                                                <div class=\"skt-builder-about-column-icon\"><img decoding=\"async\" src=\"https:\/\/ib-behrendt.de\/wp-content\/themes\/engineering-pro\/blocks\/home_section5\/assets\/img\/feature-icon3.png\"><\/div>\r\n                                            <\/a>\r\n                                            <div class=\"skt-builder-about-column-content\">\r\n                                                <h3 class=\"skt-builder-about-column-title\">\r\n                                                    <a href=\"#\" >\r\n                                                        Schulungen und Unterweisungen\r\n                                                    <\/a>\r\n                                                <\/h3>\r\n                                                <p><span style=\"color: rgb(125, 124, 124);\">Arbeitsschutz- und Brandschutzschulungen; Schulungen f\u00fcr F\u00fchrungskr\u00e4fte; Ausbildung von Evakuierungshelfern \/ R\u00e4umungsbeauftragten; Ausbildung von Brandschutzhelfern nach ASR A 2.2<\/span><\/p>\r\n                                            <\/div>\r\n                                        <\/div>\r\n                                <\/div>\r\n                                <div class=\"skt-builder-column skt-builder-about-column skt-builder-about-column204\">\r\n                                <style>\r\n                                \t.skt-builder-about-column204 .skt-builder-about-column-content h3 a{color: #222222;}\r\n\t\t\t\t\t\t\t\t\t.skt-builder-about-column204 .skt-builder-about-column-content h3 a:hover{color: #f5b81e;}\r\n                                <\/style>\r\n                                        <div class=\"skt-builder-column-inner\" style=\"text-align: left;\">\r\n                                            <a href=\"#\" >\r\n                                                <div class=\"skt-builder-about-column-icon\"><img decoding=\"async\" src=\"https:\/\/ib-behrendt.de\/wp-content\/themes\/engineering-pro\/blocks\/home_section5\/assets\/img\/feature-icon5.png\"><\/div>\r\n                                            <\/a>\r\n                                            <div class=\"skt-builder-about-column-content\">\r\n                                                <h3 class=\"skt-builder-about-column-title\">\r\n                                                    <a href=\"#\" >\r\n                                                        Ausbildung von Brandschutz- und Evakuierungshelfern\r\n                                                    <\/a>\r\n                                                <\/h3>\r\n                                                <p>Brandschutzhelfer (\u00a7 10 ArbSchG, \u00a7 22 DGUV Vorschrift 1, ASR A2.2, DGUV Information 205-023) und Evakuierungshelfer (\u00a710 Arbeitsschutzgesetz)<\/p>\r\n                                            <\/div>\r\n                                        <\/div>\r\n                                <\/div>\r\n                                <div class=\"skt-builder-column skt-builder-about-column skt-builder-about-column207\">\r\n                                <style>\r\n                                \t.skt-builder-about-column207 .skt-builder-about-column-content h3 a{color: #222222;}\r\n\t\t\t\t\t\t\t\t\t.skt-builder-about-column207 .skt-builder-about-column-content h3 a:hover{color: #f5b81e;}\r\n                                <\/style>\r\n                                        <div class=\"skt-builder-column-inner\" style=\"text-align: left;\">\r\n                                            <a href=\"#\" >\r\n                                                <div class=\"skt-builder-about-column-icon\"><img decoding=\"async\" src=\"https:\/\/ib-behrendt.de\/wp-content\/themes\/engineering-pro\/blocks\/home_section5\/assets\/img\/feature-icon6.png\"><\/div>\r\n                                            <\/a>\r\n                                            <div class=\"skt-builder-about-column-content\">\r\n                                                <h3 class=\"skt-builder-about-column-title\">\r\n                                                    <a href=\"#\" >\r\n                                                        Sicherheitsingenieur und Fachkraft f\u00fcr Arbeitssicherheit\r\n                                                    <\/a>\r\n                                                <\/h3>\r\n                                                <p><span style=\"color: rgb(125, 124, 124);\">Spezialist f\u00fcr Arbeitsschutz\/Arbeitssicherheit nach ASIG und DGUV-Vorschrift<\/span><\/p>\r\n                                            <\/div>\r\n                                        <\/div>\r\n                                <\/div>\r\n                                <div class=\"skt-builder-column skt-builder-about-column skt-builder-about-column201\">\r\n                                <style>\r\n                                \t.skt-builder-about-column201 .skt-builder-about-column-content h3 a{color: #222222;}\r\n\t\t\t\t\t\t\t\t\t.skt-builder-about-column201 .skt-builder-about-column-content h3 a:hover{color: #f5b81e;}\r\n                                <\/style>\r\n                                        <div class=\"skt-builder-column-inner\" style=\"text-align: left;\">\r\n                                            <a href=\"#\" >\r\n                                                <div class=\"skt-builder-about-column-icon\"><img decoding=\"async\" src=\"https:\/\/ib-behrendt.de\/wp-content\/themes\/engineering-pro\/blocks\/home_section5\/assets\/img\/feature-icon4.png\"><\/div>\r\n                                            <\/a>\r\n                                            <div class=\"skt-builder-about-column-content\">\r\n                                                <h3 class=\"skt-builder-about-column-title\">\r\n                                                    <a href=\"#\" >\r\n                                                        Brandschutzbeauftragter\r\n                                                    <\/a>\r\n                                                <\/h3>\r\n                                                <p><span style=\"color: rgb(125, 124, 124);\">Brandschutzbeauftragter; Brandschutzinspektor; Brandschutzhelferausbildung;<\/span><\/p>\r\n                                            <\/div>\r\n                                        <\/div>\r\n                                <\/div>\r\n                                <div class=\"skt-builder-column skt-builder-about-column skt-builder-about-column191\">\r\n                                <style>\r\n                                \t.skt-builder-about-column191 .skt-builder-about-column-content h3 a{color: #222222;}\r\n\t\t\t\t\t\t\t\t\t.skt-builder-about-column191 .skt-builder-about-column-content h3 a:hover{color: #f5b81e;}\r\n                                <\/style>\r\n                                        <div class=\"skt-builder-column-inner\" style=\"text-align: left;\">\r\n                                            <a href=\"#\" >\r\n                                                <div class=\"skt-builder-about-column-icon\"><img decoding=\"async\" src=\"https:\/\/ib-behrendt.de\/wp-content\/themes\/engineering-pro\/blocks\/home_section5\/assets\/img\/feature-icon1.png\"><\/div>\r\n                                            <\/a>\r\n                                            <div class=\"skt-builder-about-column-content\">\r\n                                                <h3 class=\"skt-builder-about-column-title\">\r\n                                                    <a href=\"#\" >\r\n                                                        Pr\u00fcfungen \/ Messungen\r\n                                                    <\/a>\r\n                                                <\/h3>\r\n                                                <p>Spielplatz- und Spielger\u00e4tepr\u00fcfer; Spielplatzp\u00fcfung; Regalpr\u00fcfung; Betriebssicherheitsverordnung; Leiterpr\u00fcfungen; L\u00e4rmmessung; Luxmessungen; Temperaturmessungen; Luftfeuchtigkeitsmessungen<\/p>\r\n                                            <\/div>\r\n                                        <\/div>\r\n                                <\/div>\r\n                        <\/div>\r\n\t\t\t\t\t<\/div>\r\n\t\t\t<\/div>\r\n\t\t<\/div>\r\n\t<\/div>\r\n<\/div>\r\n<script>\r\njQuery(document).ready(function() {\r\n    jQuery('p').each(function() {\r\n        var $this = jQuery(this);\r\n        if($this.html().replace(\/s|&nbsp;\/g, '').length == 0) {\r\n            $this.remove();\r\n        }\r\n    });\r\n});\r\n\r\njQuery(document).ready(function() {\r\n    jQuery('p').each(function() {\r\n        var $this = jQuery(this);\r\n        if($this.html().replace(\/s|<br>\/g, '').length == 0) {\r\n            $this.remove();\r\n        }\r\n    });\r\n});\r\n<\/script> \r\n<script>\r\njQuery.noConflict();\r\njQuery(document).ready(function(){\r\njQuery(window).scroll(function(){\r\n    \/\/ This is then function used to detect if the element is scrolled into view\r\n    function elementScrolled(elem)\r\n    {\r\n        var docViewTop = jQuery(window).scrollTop();\r\n        var docViewBottom = docViewTop + jQuery(window).height();\r\n        var elemTop = jQuery(elem).offset().top;\r\n        return ((elemTop <= docViewBottom) && (elemTop >= docViewTop));\r\n    }\r\n\r\n\tif (jQuery('.skt-builder-block-inner-189').length > 0) {\r\n\tif(elementScrolled('.skt-builder-block-inner-189')) {\r\n        var els = jQuery('.skt-builder-block-inner-189'),\r\n            i = 0,\r\n            f = function () {\r\n                jQuery(els[i++]).addClass('fadeInRight');\r\n                if(i < els.length) setTimeout(f, 400);\r\n            };\r\n        f();\r\n    }}\r\n\r\n});\r\n});\r\n<\/script><!-- sktbuilder starter --><script type=\"text\/javascript\" src=\"https:\/\/ib-behrendt.de\/wp-content\/plugins\/skt-builder\/sktbuilder\/sktbuilder-frontend-starter.js\"><\/script><script type=\"text\/javascript\" src=\"https:\/\/ib-behrendt.de\/wp-content\/plugins\/skt-builder\/sktbuilder-wordpress-driver.js\"><\/script><script type=\"text\/javascript\"> var starter = new SktbuilderStarter({\"mode\": \"prod\", \"skip\":[\"jquery\",\"underscore\",\"backbone\"],\"sktbuilderUrl\": \"https:\/\/ib-behrendt.de\/wp-content\/plugins\/skt-builder\/sktbuilder\/\", \"driver\": new SktbuilderWordpressDriver({\"ajaxUrl\": \"https:\/\/ib-behrendt.de\/wp-admin\/admin-ajax.php\", \"iframeUrl\": \"https:\/\/ib-behrendt.de\/?sktbuilder=true\", \"pageId\": 65,  \"nonce\": \"03e459bfd4\", \"pages\": [{\"title\":\"Ausbildungen und Schulungen\",\"url\":\"https:\\\/\\\/ib-behrendt.de\\\/wp-admin\\\/post.php?post=72&action=sktbuilder\"},{\"title\":\"Dienstleistung\",\"url\":\"https:\\\/\\\/ib-behrendt.de\\\/wp-admin\\\/post.php?post=205&action=sktbuilder\"},{\"title\":\"Beratung und Betreuung\",\"url\":\"https:\\\/\\\/ib-behrendt.de\\\/wp-admin\\\/post.php?post=214&action=sktbuilder\"}], \"page\": \"Homepage\" }) });<\/script><!-- end sktbuilder starter -->","protected":false},"excerpt":{"rendered":"<p>Unsere Dienstleistungen Schulungen und Unterweisungen Arbeitsschutz- und Brandschutzschulungen; Schulungen f\u00fcr F\u00fchrungskr\u00e4fte; Ausbildung von Evakuierungshelfern \/ R\u00e4umungsbeauftragten; Ausbildung von Brandschutzhelfern nach ASR A 2.2 Ausbildung von Brandschutz- und Evakuierungshelfern Brandschutzhelfer (\u00a7 10 ArbSchG, \u00a7 22 DGUV Vorschrift 1, ASR A2.2, DGUV Information 205-023) und Evakuierungshelfer (\u00a710 Arbeitsschutzgesetz) Sicherheitsingenieur und Fachkraft f\u00fcr Arbeitssicherheit Spezialist f\u00fcr Arbeitsschutz\/Arbeitssicherheit nach<br \/><a class=\"moretag\" href=\"https:\/\/ib-behrendt.de\/\">+ Read More<\/a><\/p>\n","protected":false},"author":1,"featured_media":0,"parent":0,"menu_order":0,"comment_status":"closed","ping_status":"closed","template":"templates\/page-builder.php","meta":{"footnotes":""},"class_list":["post-65","page","type-page","status-publish","hentry"],"_links":{"self":[{"href":"https:\/\/ib-behrendt.de\/index.php?rest_route=\/wp\/v2\/pages\/65","targetHints":{"allow":["GET"]}}],"collection":[{"href":"https:\/\/ib-behrendt.de\/index.php?rest_route=\/wp\/v2\/pages"}],"about":[{"href":"https:\/\/ib-behrendt.de\/index.php?rest_route=\/wp\/v2\/types\/page"}],"author":[{"embeddable":true,"href":"https:\/\/ib-behrendt.de\/index.php?rest_route=\/wp\/v2\/users\/1"}],"replies":[{"embeddable":true,"href":"https:\/\/ib-behrendt.de\/index.php?rest_route=%2Fwp%2Fv2%2Fcomments&post=65"}],"version-history":[{"count":26,"href":"https:\/\/ib-behrendt.de\/index.php?rest_route=\/wp\/v2\/pages\/65\/revisions"}],"predecessor-version":[{"id":338,"href":"https:\/\/ib-behrendt.de\/index.php?rest_route=\/wp\/v2\/pages\/65\/revisions\/338"}],"wp:attachment":[{"href":"https:\/\/ib-behrendt.de\/index.php?rest_route=%2Fwp%2Fv2%2Fmedia&parent=65"}],"curies":[{"name":"wp","href":"https:\/\/api.w.org\/{rel}","templated":true}]}}